{"id":95,"date":"2024-02-03T16:59:46","date_gmt":"2024-02-03T21:59:46","guid":{"rendered":"https:\/\/soluti.pe\/legal\/?page_id=95"},"modified":"2025-06-23T19:40:37","modified_gmt":"2025-06-24T00:40:37","slug":"terminos","status":"publish","type":"page","link":"https:\/\/soluti.pe\/legal\/terminos","title":{"rendered":"T\u00e9rminos y Condiciones"},"content":{"rendered":"\n<p><strong>Identity del Per\u00fa S.A. (20607123463) <\/strong>en adelante <strong>SOLUTI PER\u00da<\/strong>, provee licencias de servicios y productos digitales denominados certificados digitales y software de firma electr\u00f3nica y cualificada (digital).<\/p>\n\n\n\n<p>Por la naturaleza t\u00e9cnica e individual de cada producto y\/o servicio, hemos elaborado un sitio web para cada uno de ellos:<\/p>\n\n\n\n<ul class=\"wp-block-list\">\n<li><a href=\"\/legal\/terminos\/politicas-certsunat\">Pol\u00edticas de Servicios para Certificaci\u00f3n Digital SUNAT\/Firma Digital<\/a>.<\/li>\n\n\n\n<li><a href=\"\/legal\/terminos\/politicas-ssl\">Pol\u00edticas de Servicios de Certificaci\u00f3n Digital SSL\/TLS<\/a>.<\/li>\n\n\n\n<li><a href=\"\/legal\/terminos\/licencia-intellisign-desktop\">Pol\u00edticas de Uso de Software de Firma Digital de escritorio (Intellisign Desktop)<\/a>.<\/li>\n<\/ul>\n\n\n\n<div class=\"wp-block-buttons is-layout-flex wp-block-buttons-is-layout-flex\">\n<div class=\"wp-block-button\"><a class=\"wp-block-button__link wp-element-button\" href=\"\/legal\/terminos\/politicas-certsunat\">Pol\u00edticas Certificados SUNAT<\/a><\/div>\n\n\n\n<div class=\"wp-block-button\"><a class=\"wp-block-button__link wp-element-button\" href=\"\/legal\/terminos\/politicas-ssl\">Pol\u00edticas Certificados SSL<\/a><\/div>\n\n\n\n<div class=\"wp-block-button\"><a class=\"wp-block-button__link wp-element-button\" href=\"\/legal\/terminos\/licencia-intellisign-desktop\">Licencia Intellisign Desktop<\/a><\/div>\n\n\n\n<div class=\"wp-block-button\"><a class=\"wp-block-button__link wp-element-button\" href=\"\/legal\/terminos\/politicas-certfirma\">Pol\u00edticas Certificados de Firma<\/a><\/div>\n\n\n\n<div class=\"wp-block-button\"><a class=\"wp-block-button__link wp-element-button\" href=\"\/legal\/terminos\/politicas-atr\">T\u00e9rminos y Condiciones ATR<\/a><\/div>\n\n\n\n<div class=\"wp-block-button\"><a class=\"wp-block-button__link wp-element-button\" href=\"https:\/\/soluti.pe\/legal\/copyright\">Copyright Contenidos<\/a><\/div>\n<\/div>\n\n\n\n<h2 class=\"wp-block-heading\">Pol\u00edticas de Uso de nuestra informaci\u00f3n y sitios web<\/h2>\n\n\n\n<p>En este apartado conocer\u00e1 nuestras pol\u00edticas y condiciones sobre el uso y navegaci\u00f3n de nuestro Portal Legal, el cual contiene informaci\u00f3n de pr\u00e1cticas y pol\u00edticas de nuestros principales productos y servicios, as\u00ed mismo esta pol\u00edtica es aplicable a otros sitios web como:<\/p>\n\n\n\n<ul class=\"wp-block-list\">\n<li><a href=\"https:\/\/www.intellisign.com\">https:\/\/www.intellisign.com<\/a><\/li>\n\n\n\n<li><a href=\"https:\/\/www.intellisign.pe\">https:\/\/www.intellisign.pe<\/a> <\/li>\n\n\n\n<li><a href=\"https:\/\/soluti.pe\">https:\/\/soluti.pe<\/a><\/li>\n\n\n\n<li><a href=\"https:\/\/solutitech.com\">https:\/\/solutitech.com<\/a> <\/li>\n\n\n\n<li><a href=\"https:\/\/solutitech.pe\">https:\/\/solutitech.pe<\/a><strong> <\/strong><\/li>\n<\/ul>\n\n\n\n<p>Y todas las p\u00e1ginas web o sub-paginas web que muestren informaci\u00f3n de nuestra empresa y nuestros servicios, licencias y productos.<\/p>\n\n\n\n<p><strong>Monitoreo de seguridad<\/strong><\/p>\n\n\n\n<p>Soluti Per\u00fa monitorea el tr\u00e1fico de la red con el fin de identificar intentos no autorizados de cargar o cambiar informaci\u00f3n, denegar servicios, as\u00ed como causar alg\u00fan otro da\u00f1o de alguna otra manera en nuestros sistemas de informaci\u00f3n, software y sitios web.<\/p>\n\n\n\n<p>Cualquier intromisi\u00f3n, tentativa de intromisi\u00f3n, o actividad violatoria o contraria a las leyes; o a estos T\u00e9rminos y Condiciones de Uso, har\u00e1n pasible al responsable de las acciones legales que correspondieran (civiles y\/o penales), y asumir\u00e1 la obligaci\u00f3n de indemnizar a nuestra empresa, por los da\u00f1os ocasionados.<\/p>\n\n\n\n<p>Al usar \u00e9ste y todos los sitios y p\u00e1ginas web de Soluti Per\u00fa, usted acepta que est\u00e1 informado y ha le\u00eddo, completamente esta informaci\u00f3n.  Si este monitoreo revela evidencias de un posible abuso del servicio de informaci\u00f3n que brindamos, fraude o actividad criminal; esas evidencias ser\u00e1n entregadas a las autoridades correspondientes. Los intentos no autorizados de cargar o cambiar la informaci\u00f3n de este servicio o sitios webs de Soluti Per\u00fa, est\u00e1n estrictamente prohibidos y est\u00e1n sujetas a las sanciones estipuladas por la ley de Delitos Inform\u00e1ticos N\u00ba 30096 en Per\u00fa, as\u00ed como otros pa\u00edses donde se exponga nuestra informaci\u00f3n y nuestra integridad sea afectada.<\/p>\n\n\n\n<p><strong>Intercambio seguro de informaci\u00f3n<\/strong><\/p>\n\n\n\n<p>Para proteger su informaci\u00f3n personal, cuando usted accede a alguno de los sitios o p\u00e1ginas web de Soluti Per\u00fa, se activar\u00e1 una sesi\u00f3n de cifrado de datos en tr\u00e1nsito con el protocolo TLS\/SSL (Secure Sockets Layers). Si cuando hace clic en un enlace con una p\u00e1gina o formulario seguro de nuestros sitios web, recibe un mensaje de error, aseg\u00farese de que la configuraci\u00f3n de seguridad de su navegador soporte como m\u00ednimo TLS 1.2 y\/o TLS 1.3.<\/p>\n\n\n\n<p><strong>L\u00edmites de responsabilidad de enlaces externos o rotos<\/strong><\/p>\n\n\n\n<p>Los sitios web de Soluti Per\u00fa, podr\u00edan contener enlaces de hipertexto (links) con informaci\u00f3n creada y mantenida por otras organizaciones o empresas, por lo que cuando sea razonable, describiremos a un link externo con el indicativo \u00ab(ext)\u00bb. Soluti Per\u00fa no controla ni garantiza la precisi\u00f3n, relevancia, oportunidad o integridad de ninguna informaci\u00f3n ni de las pol\u00edticas de privacidad publicadas en los sitios de esos enlaces. Asimismo, no endosamos a las organizaciones que patrocinan los sitios, ni a las opiniones expresadas en los sitios, ni los productos o servicios ofrecidos en los mismos.<\/p>\n\n\n\n<p>Soluti Per\u00fa no autoriza ni proh\u00edbe los enlaces con o hacia nuestros sitios webs, en la medida en que no se connote un endoso de o una afiliaci\u00f3n con nuestra empresa, sin tener la debida autorizaci\u00f3n. <\/p>\n\n\n\n<p>En Soluti Per\u00fa, revisamos peri\u00f3dicamente nuestros sitios web para detectar enlaces que no funcionan (rotos) o que est\u00e1n desactualizados, alterados o eliminados en cualquier momento. Para reportar problemas con los enlaces que figuran en nuestros sitios, o para m\u00e1s informaci\u00f3n sobre esta pol\u00edtica, por favor establezca contacto con&nbsp;nuestro equipo local desde el <a href=\"https:\/\/soluti.pe\/legal\/contacto-legal\">siguiente formulario<\/a>.<\/p>\n\n\n\n<p><strong>Consentimiento y<\/strong> <strong>Condiciones de Uso de esta informaci\u00f3n<\/strong><\/p>\n\n\n\n<p>Si usted no est\u00e1 de acuerdo con \u00e9stos t\u00e9rminos o condiciones (pol\u00edticas), no debe utilizar este sitio y\/u otros sitios de Soluti Per\u00fa. Estos t\u00e9rminos y condiciones podr\u00e1n ser modificados o actualizados en forma peri\u00f3dica. Este documento y sitio web debe utilizarse exclusivamente para fines informativos, no comerciales.<\/p>\n\n\n\n<p>Pol\u00edticas desarrolladas siguiendo los lineamientos de la Comisi\u00f3n Federal de Comercio de Estados Unidos,&nbsp;<a href=\"https:\/\/www.ftc.gov\/\">www.ftc.gov<\/a>.<\/p>\n\n\n\n<p><strong>\u00daltima actualizaci\u00f3n: 02 de febrero de 2024.<\/strong><\/p>\n","protected":false},"excerpt":{"rendered":"<p>Identity del Per\u00fa S.A. (20607123463) en adelante SOLUTI PER\u00da, provee licencias de servicios y productos digitales denominados certificados digitales y software de firma electr\u00f3nica y cualificada (digital). Por la naturaleza t\u00e9cnica e individual de cada producto y\/o servicio, hemos elaborado un sitio web para cada uno de ellos: Pol\u00edticas de Uso de nuestra informaci\u00f3n y [&hellip;]<\/p>\n","protected":false},"author":1,"featured_media":0,"parent":0,"menu_order":0,"comment_status":"closed","ping_status":"closed","template":"","meta":{"footnotes":""},"class_list":["post-95","page","type-page","status-publish","hentry"],"_links":{"self":[{"href":"https:\/\/soluti.pe\/legal\/wp-json\/wp\/v2\/pages\/95","targetHints":{"allow":["GET"]}}],"collection":[{"href":"https:\/\/soluti.pe\/legal\/wp-json\/wp\/v2\/pages"}],"about":[{"href":"https:\/\/soluti.pe\/legal\/wp-json\/wp\/v2\/types\/page"}],"author":[{"embeddable":true,"href":"https:\/\/soluti.pe\/legal\/wp-json\/wp\/v2\/users\/1"}],"replies":[{"embeddable":true,"href":"https:\/\/soluti.pe\/legal\/wp-json\/wp\/v2\/comments?post=95"}],"version-history":[{"count":34,"href":"https:\/\/soluti.pe\/legal\/wp-json\/wp\/v2\/pages\/95\/revisions"}],"predecessor-version":[{"id":408,"href":"https:\/\/soluti.pe\/legal\/wp-json\/wp\/v2\/pages\/95\/revisions\/408"}],"wp:attachment":[{"href":"https:\/\/soluti.pe\/legal\/wp-json\/wp\/v2\/media?parent=95"}],"curies":[{"name":"wp","href":"https:\/\/api.w.org\/{rel}","templated":true}]}}