{"id":3,"date":"2024-02-03T07:10:13","date_gmt":"2024-02-03T06:10:13","guid":{"rendered":"https:\/\/soluti.pe\/legal\/?page_id=3"},"modified":"2024-02-17T16:10:57","modified_gmt":"2024-02-17T21:10:57","slug":"privacidad","status":"publish","type":"page","link":"https:\/\/soluti.pe\/legal\/privacidad","title":{"rendered":"Pol\u00edticas de Privacidad"},"content":{"rendered":"\n<p>En&nbsp;<strong>Soluti Latam Per\u00fa S.A.C.<\/strong> e <strong>Identity del Per\u00fa S.A.<\/strong>, hemos dise\u00f1ado un lenguaje claro para que conozca c\u00f3mo obtenemos su informaci\u00f3n personal, para qu\u00e9 la requerimos, c\u00f3mo la usamos, qu\u00e9 bancos de datos hemos registrado y a qui\u00e9nes la encargamos, preservando su capacidad de controlarlos.<\/p>\n\n\n\n<p><strong>Titulares de los Bancos de Datos:&nbsp;<\/strong><\/p>\n\n\n\n<ul class=\"wp-block-list\">\n<li>IDENTITY DEL PER\u00da S.A. (RUC: 20607123463)<\/li>\n\n\n\n<li>SOLUTI LATAM PER\u00da S.A.C. (RUC: 20611364106)<\/li>\n<\/ul>\n\n\n\n<p><strong>\u00daltima modificaci\u00f3n<\/strong> <strong>de este sitio<\/strong>: 02 de febrero de 2024.<\/p>\n\n\n\n<div class=\"wp-block-buttons is-layout-flex wp-block-buttons-is-layout-flex\">\n<div class=\"wp-block-button is-style-fill\"><a class=\"wp-block-button__link wp-element-button\" href=\"https:\/\/soluti.pe\/legal\/wp-content\/uploads\/Politicas-Privacidad-Full-SOLUTIPE0224.pdf\">Declaraci\u00f3n (PDF)<\/a><\/div>\n\n\n\n<div class=\"wp-block-button is-style-outline is-style-outline--1\"><a class=\"wp-block-button__link wp-element-button\" href=\"\/legal\/privacidad\/bancos-registrados\">Bancos Datos<\/a><\/div>\n\n\n\n<div class=\"wp-block-button is-style-outline is-style-outline--2\"><a class=\"wp-block-button__link wp-element-button\" href=\"\/legal\/privacidad\/encargados-tratamiento\">Encargados Tratamiento<\/a><\/div>\n<\/div>\n\n\n\n<div class=\"wp-block-buttons is-layout-flex wp-block-buttons-is-layout-flex\">\n<div class=\"wp-block-button is-style-outline is-style-outline--3\"><a class=\"wp-block-button__link wp-element-button\" href=\"\/legal\/privacidad\/cookies\">Pol\u00edtica de Cookies<\/a><\/div>\n\n\n\n<div class=\"wp-block-button is-style-outline is-style-outline--4\"><a class=\"wp-block-button__link wp-element-button\" href=\"\/legal\/privacidad\/flujo-transfronterizo\">Flujo Transfronterizo<\/a><\/div>\n\n\n\n<div class=\"wp-block-button is-style-outline is-style-outline--5\"><a class=\"wp-block-button__link wp-element-button\" href=\"\/legal\/privacidad\/solicitud-arco\">Solicitudes ARCO<\/a><\/div>\n\n\n\n<div class=\"wp-block-button is-style-outline is-style-outline--6\"><a class=\"wp-block-button__link wp-element-button\" href=\"\/legal\/privacidad\/fines-adicionales\">Tratamiento fines adicionales<\/a><\/div>\n<\/div>\n\n\n\n<p><a href=\"https:\/\/prodpe.minjus.gob.pe\/prodpe_web\/BancoDato_verResultado\">Consulta de Banco de Datos (ext)<\/a> Registrados en el Ministerio de Justicia de Per\u00fa.<\/p>\n\n\n\n<p><\/p>\n","protected":false},"excerpt":{"rendered":"<p>En&nbsp;Soluti Latam Per\u00fa S.A.C. e Identity del Per\u00fa S.A., hemos dise\u00f1ado un lenguaje claro para que conozca c\u00f3mo obtenemos su informaci\u00f3n personal, para qu\u00e9 la requerimos, c\u00f3mo la usamos, qu\u00e9 bancos de datos hemos registrado y a qui\u00e9nes la encargamos, preservando su capacidad de controlarlos. Titulares de los Bancos de Datos:&nbsp; \u00daltima modificaci\u00f3n de este [&hellip;]<\/p>\n","protected":false},"author":1,"featured_media":0,"parent":0,"menu_order":0,"comment_status":"closed","ping_status":"open","template":"","meta":{"footnotes":""},"class_list":["post-3","page","type-page","status-publish","hentry"],"_links":{"self":[{"href":"https:\/\/soluti.pe\/legal\/wp-json\/wp\/v2\/pages\/3","targetHints":{"allow":["GET"]}}],"collection":[{"href":"https:\/\/soluti.pe\/legal\/wp-json\/wp\/v2\/pages"}],"about":[{"href":"https:\/\/soluti.pe\/legal\/wp-json\/wp\/v2\/types\/page"}],"author":[{"embeddable":true,"href":"https:\/\/soluti.pe\/legal\/wp-json\/wp\/v2\/users\/1"}],"replies":[{"embeddable":true,"href":"https:\/\/soluti.pe\/legal\/wp-json\/wp\/v2\/comments?post=3"}],"version-history":[{"count":24,"href":"https:\/\/soluti.pe\/legal\/wp-json\/wp\/v2\/pages\/3\/revisions"}],"predecessor-version":[{"id":326,"href":"https:\/\/soluti.pe\/legal\/wp-json\/wp\/v2\/pages\/3\/revisions\/326"}],"wp:attachment":[{"href":"https:\/\/soluti.pe\/legal\/wp-json\/wp\/v2\/media?parent=3"}],"curies":[{"name":"wp","href":"https:\/\/api.w.org\/{rel}","templated":true}]}}