{"id":137,"date":"2024-02-03T18:30:43","date_gmt":"2024-02-03T23:30:43","guid":{"rendered":"https:\/\/soluti.pe\/legal\/?page_id=137"},"modified":"2026-02-02T21:39:40","modified_gmt":"2026-02-03T02:39:40","slug":"er","status":"publish","type":"page","link":"https:\/\/soluti.pe\/legal\/er","title":{"rendered":"Pr\u00e1cticas y Pol\u00edticas como Entidad de Registro IOFE"},"content":{"rendered":"\n<p>En este sitio web se encuentra publicada nuestra RPS o Declaraci\u00f3n de Pr\u00e1cticas de Registro y Verificaci\u00f3n como ER &#8211; Entidad de Registro, que establece las pr\u00e1cticas que lleva a cabo, nuestra empresa, <strong>IDENTITY DEL PER\u00da S.A. <\/strong>identificada con <strong>RUC Nro. 20607123463<\/strong>, para registrar, validar identidades de suscriptores y emitir, gestionar, revocar y renovar certificados digitales. <\/p>\n\n\n\n<p><strong>IDENTITY DEL PER\u00da S.A.<\/strong> declara para todos los efectos que cumple con todos los requisitos establecidos en la Gu\u00eda de Acreditaci\u00f3n ER requerida por INDECOPI en Per\u00fa.<\/p>\n\n\n\n<figure class=\"wp-block-table is-style-stripes\"><table><thead><tr><th>Documento<\/th><th>Descripci\u00f3n<\/th><th>Actualizaci\u00f3n<\/th><\/tr><\/thead><tbody><tr><td><strong>Resoluci\u00f3n como Entidad de Registro<\/strong> para emitir Certificados digitales en Per\u00fa.<br><br><img loading=\"lazy\" decoding=\"async\" width=\"22\" height=\"22\" class=\"wp-image-365\" style=\"width: 22px;\" src=\"https:\/\/soluti.pe\/legal\/wp-content\/uploads\/icono-pdf-1.png\" alt=\"Version PDF\"> <a href=\"https:\/\/soluti.pe\/legal\/wp-content\/uploads\/Resolucion-2024-ERP-IOFE-IDENTITY.pdf\">Descargar resoluci\u00f3n<\/a><br><br><a href=\"https:\/\/soluti.pe\/docs\/IOFE\/AprobacionAuditoriaAnual-2526-IDENTITY-ER-N255-2025-DGI-INDECOPI.pdf\"><img loading=\"lazy\" decoding=\"async\" width=\"22\" height=\"22\" class=\"wp-image-365\" style=\"width: 22px;\" src=\"https:\/\/soluti.pe\/legal\/wp-content\/uploads\/icono-pdf-1.png\" alt=\"Version PDF\"> Aprobaci\u00f3n Auditor\u00eda Anual 2025-2026<\/a><\/td><td>Resoluci\u00f3n N\u00ba 269-2024\/DGI-INDECOPI que confirma que IDENTITY DEL PER\u00da SA es una Entidad de Registro yy Verificaci\u00f3n de Datos para la emisi\u00f3n de certificados digitales.<\/td><td>25.09.2024<\/td><\/tr><tr><td><strong>Declaraci\u00f3n de Pr\u00e1cticas de Registro y Verificaci\u00f3n<\/strong><br><br><img loading=\"lazy\" decoding=\"async\" width=\"22\" height=\"22\" class=\"wp-image-365\" style=\"width: 22px;\" src=\"https:\/\/soluti.pe\/legal\/wp-content\/uploads\/icono-pdf-1.png\" alt=\"Version PDF\"> <strong><a href=\"https:\/\/06ba25dc7294e3babc7f-8990cf599687cff641ec1c00544a1abf.ssl.cf5.rackcdn.com\/Entidad-Registro\/DPPR_ER_Identity.pdf\">Descargar RPS \u2013 ER&nbsp;<\/a><\/strong><\/td><td>Puede acceder al documento RPS de Declaraci\u00f3n de Pr\u00e1cticas de Registro y Verificaci\u00f3n, aprobado por INDECOPI en Per\u00fa.<br><\/td><td>30.04.2024<\/td><\/tr><tr><td><strong>Declaraci\u00f3n de Pr\u00e1cticas de EC Asociada<\/strong><br><br><img loading=\"lazy\" decoding=\"async\" width=\"22\" height=\"22\" class=\"wp-image-365\" style=\"width: 22px;\" src=\"https:\/\/soluti.pe\/legal\/wp-content\/uploads\/icono-pdf-1.png\" alt=\"Version PDF\"> <strong><a href=\"https:\/\/5cd40335034ffb9c0774-efa423cc3a835928d1bab9d7bef735a2.ssl.cf5.rackcdn.com\/Legal\/Entidad%20Registro\/2021\/EC-2021\/resolucion_acreditacion_EC.pdf\">Resoluci\u00f3n de Acreditaci\u00f3n de Bit4ID como Entidad de Certificaci\u00f3n<\/a><\/strong><br><br><img loading=\"lazy\" decoding=\"async\" width=\"22\" height=\"22\" class=\"wp-image-365\" style=\"width: 22px;\" src=\"https:\/\/soluti.pe\/legal\/wp-content\/uploads\/icono-pdf-1.png\" alt=\"Version PDF\"> <strong><a href=\"https:\/\/5cd40335034ffb9c0774-efa423cc3a835928d1bab9d7bef735a2.ssl.cf5.rackcdn.com\/Legal\/Entidad%20Registro\/2021\/EC-2021\/BIT4IDSAC_DPC_v2_1_signed.pdf\">Declaraci\u00f3n de Pr\u00e1cticas de Certificaci\u00f3n de Bit4ID<\/a><\/strong><br><br><img loading=\"lazy\" decoding=\"async\" width=\"22\" height=\"22\" class=\"wp-image-365\" style=\"width: 22px;\" src=\"https:\/\/soluti.pe\/legal\/wp-content\/uploads\/icono-pdf-1.png\" alt=\"Version PDF\"> <strong><a href=\"https:\/\/5cd40335034ffb9c0774-efa423cc3a835928d1bab9d7bef735a2.ssl.cf5.rackcdn.com\/Legal\/Entidad%20Registro\/2021\/EC-2021\/BIT4IDSAC_PC_v2_1_signed.pdf\">Pol\u00edticas de Certificaci\u00f3n de Bit4ID como EC asociada<\/a><\/strong><br><br><img loading=\"lazy\" decoding=\"async\" width=\"22\" height=\"22\" class=\"wp-image-365\" style=\"width: 22px;\" src=\"https:\/\/soluti.pe\/legal\/wp-content\/uploads\/icono-pdf-1.png\" alt=\"Version PDF\"> <strong><a href=\"https:\/\/06ba25dc7294e3babc7f-8990cf599687cff641ec1c00544a1abf.ssl.cf5.rackcdn.com\/Entidad-Registro\/Acuerdo_Vinculacion_IDENTITY-BIT4ID.pdf\">Acuerdo de Vinculaci\u00f3n entre SOLUTI y Bit4ID.<\/a><\/strong><\/td><td>Conozca las principales pol\u00edticas y documentos de nuestra Entidad Certificadora asociada, Bit4ID SAC identificada con RUC 20555049464.<\/td><td>30.04.2024<\/td><\/tr><tr><td><strong>Planes y Directivas como Entidad de Registro<\/strong><br><br><img loading=\"lazy\" decoding=\"async\" width=\"22\" height=\"22\" class=\"wp-image-365\" style=\"width: 22px;\" src=\"https:\/\/soluti.pe\/legal\/wp-content\/uploads\/icono-pdf-1.png\" alt=\"Version PDF\"> <strong><a href=\"https:\/\/06ba25dc7294e3babc7f-8990cf599687cff641ec1c00544a1abf.ssl.cf5.rackcdn.com\/Entidad-Registro\/Plan_Privacidad_ER_Identity.pdf\">Descargar Plan de Privacidad<\/a><\/strong><br><br><img loading=\"lazy\" decoding=\"async\" width=\"22\" height=\"22\" class=\"wp-image-365\" style=\"width: 22px;\" src=\"https:\/\/soluti.pe\/legal\/wp-content\/uploads\/icono-pdf-1.png\" alt=\"Version PDF\"> <strong><a href=\"https:\/\/06ba25dc7294e3babc7f-8990cf599687cff641ec1c00544a1abf.ssl.cf5.rackcdn.com\/Entidad-Registro\/Politicas_%20Privacidad_ER_Identity.%20.pdf\">Descargar Pol\u00edticas de Privacidad<\/a><\/strong><br><br><img loading=\"lazy\" decoding=\"async\" width=\"22\" height=\"22\" class=\"wp-image-365\" style=\"width: 22px;\" src=\"https:\/\/soluti.pe\/legal\/wp-content\/uploads\/icono-pdf-1.png\" alt=\"Version PDF\"> <a href=\"https:\/\/06ba25dc7294e3babc7f-8990cf599687cff641ec1c00544a1abf.ssl.cf5.rackcdn.com\/Entidad-Registro\/Politicas_Seguridad_ER_Identity.pdf\">Descargar Pol\u00edticas de Seguridad<\/a><br><br><\/td><td>Puede acceder a nuestras pol\u00edticas de seguridad, privacidad y auditor\u00eda, para nuestra labor como Entidad de Registro, aprobado por INDECOPI en Per\u00fa.<\/td><td>30.04.2024<\/td><\/tr><\/tbody><\/table><\/figure>\n\n\n\n<div class=\"wp-block-buttons is-layout-flex wp-block-buttons-is-layout-flex\">\n<div class=\"wp-block-button is-style-outline is-style-outline--1\"><a class=\"wp-block-button__link wp-element-button\" href=\"https:\/\/www.gob.pe\/59924-registro-oficial-de-prestadores-de-servicios-de-certificacion-digital-rops\">Lista de Confianza IOFE-INDECOPI (ext)<\/a><\/div>\n<\/div>\n\n\n\n<h3 class=\"wp-block-heading\">Solicitud y compra de certificados digitales acreditados por INDECOPI en Per\u00fa<\/h3>\n\n\n\n<div class=\"wp-block-columns are-vertically-aligned-center is-layout-flex wp-container-core-columns-is-layout-28f84493 wp-block-columns-is-layout-flex\">\n<div class=\"wp-block-column is-vertically-aligned-center is-layout-flow wp-block-column-is-layout-flow\" style=\"flex-basis:100%\">\n<div class=\"wp-block-buttons is-layout-flex wp-block-buttons-is-layout-flex\">\n<div class=\"wp-block-button\"><a class=\"wp-block-button__link wp-element-button\" href=\"https:\/\/certificacion.soluti.pe\/pki\/certificateRequest\/certificado-tributario-sunat\">Comprar Certificados SUNAT<\/a><\/div>\n\n\n\n<div class=\"wp-block-button\"><a class=\"wp-block-button__link wp-element-button\" href=\"https:\/\/certificacion.soluti.pe\/pki\/certificateRequest\/primerid-cpp\">Certificados Firma Digital PDF<\/a><\/div>\n\n\n\n<div class=\"wp-block-button is-style-outline is-style-outline--2\"><a class=\"wp-block-button__link wp-element-button\" href=\"https:\/\/certificacion.soluti.pe\/\">Acceso ER y Distribuidores<\/a><\/div>\n\n\n\n<div class=\"wp-block-button is-style-outline is-style-outline--3\"><a class=\"wp-block-button__link wp-element-button\" href=\"https:\/\/soluti.pe\/soporte\">Revocar Certificado Digital<\/a><\/div>\n<\/div>\n<\/div>\n<\/div>\n","protected":false},"excerpt":{"rendered":"<p>En este sitio web se encuentra publicada nuestra RPS o Declaraci\u00f3n de Pr\u00e1cticas de Registro y Verificaci\u00f3n como ER &#8211; Entidad de Registro, que establece las pr\u00e1cticas que lleva a cabo, nuestra empresa, IDENTITY DEL PER\u00da S.A. identificada con RUC Nro. 20607123463, para registrar, validar identidades de suscriptores y emitir, gestionar, revocar y renovar certificados [&hellip;]<\/p>\n","protected":false},"author":1,"featured_media":0,"parent":0,"menu_order":0,"comment_status":"closed","ping_status":"closed","template":"","meta":{"footnotes":""},"class_list":["post-137","page","type-page","status-publish","hentry"],"_links":{"self":[{"href":"https:\/\/soluti.pe\/legal\/wp-json\/wp\/v2\/pages\/137","targetHints":{"allow":["GET"]}}],"collection":[{"href":"https:\/\/soluti.pe\/legal\/wp-json\/wp\/v2\/pages"}],"about":[{"href":"https:\/\/soluti.pe\/legal\/wp-json\/wp\/v2\/types\/page"}],"author":[{"embeddable":true,"href":"https:\/\/soluti.pe\/legal\/wp-json\/wp\/v2\/users\/1"}],"replies":[{"embeddable":true,"href":"https:\/\/soluti.pe\/legal\/wp-json\/wp\/v2\/comments?post=137"}],"version-history":[{"count":20,"href":"https:\/\/soluti.pe\/legal\/wp-json\/wp\/v2\/pages\/137\/revisions"}],"predecessor-version":[{"id":436,"href":"https:\/\/soluti.pe\/legal\/wp-json\/wp\/v2\/pages\/137\/revisions\/436"}],"wp:attachment":[{"href":"https:\/\/soluti.pe\/legal\/wp-json\/wp\/v2\/media?parent=137"}],"curies":[{"name":"wp","href":"https:\/\/api.w.org\/{rel}","templated":true}]}}